?
True
Is 7 a factor of 4504?
False
Does 12 divide 10224?
True
Is 19635 a multiple of 187?
True
Is 378 a multiple of 46?
False
Is 165 a multiple of 33?
True
Is 15 a factor of 144090?
True
Is 37 a factor of 1850?
True
Is 20309 a multiple of 171?
False
Is 6 a factor of 228?
True
Is 9 a factor of 411?
False
Does 102 divide 6614?
False
Does 18 divide 144?
True
Does 20 divide 83598?
False
Is 253 a factor of 10000?
False
Does 86 divide 22041?
False
Is 6078 a multiple of 5?
False
Is 1528 a multiple of 16?
False
Is 18758 a multiple of 15?
False
Is 6256 a multiple of 23?
True
Is 36 a factor of 12329?
False
Does 47 divide 517?
True
Does 5 divide 2125?
True
Is 20224 a multiple of 158?
True
Does 84 divide 12121?
False
Does 22 divide 308?
True
Is 13 a factor of 533?
True
Does 5 divide 38?
False
Is 20 a factor of 277?
False
Is 460 a factor of 9178?
False
Does 20 divide 1495?
False
Does 20 divide 35?
False
Is 389 a multiple of 15?
False
Does 6 divide 529?
False
Is 36 a multiple of 18?
True
Is 55 a factor of 317?
False
Is 162 a multiple of 9?
True
Is 4 a factor of 242?
False
Is 312 a multiple of 26?
True
Does 98 divide 9097?
False
Is 4842 a multiple of 20?
False
Is 2508 a multiple of 132?
True
Is 631 a multiple of 5?
False
Does 40 divide 2001?
False
Is 25 a factor of 10375?
True
Is 5 a factor of 10?
True
Is 4998 a multiple of 34?
True
Is 92 a factor of 34896?
False
Does 21 divide 756?
True
Does 28 divide 177?
False
Is 3 a factor of 225?
True
Is 5822 a multiple of 142?
True
Is 20 a factor of 3860?
True
Is 921 a multiple of 4?
False
Does 40 divide 35240?
True
Is 16588 a multiple of 58?
True
Is 4437 a multiple of 25?
False
Does 13 divide 13728?
True
Is 37006 a multiple of 12?
False
Is 23 a factor of 74254?
False
Does 140 divide 840?
True
Is 348 a multiple of 29?
True
Is 8 a factor of 1448?
True
Does 7 divide 707?
True
Is 12 a factor of 21624?
True
Does 4 divide 1688?
True
Is 782 a multiple of 6?
False
Is 20 a multiple of 10?
True
Is 25 a factor of 437?
False
Is 61 a factor of 13100?
False
Is 31 a factor of 1744?
False
Is 9 a factor of 3043?
False
Is 3 a factor of 1461?
True
Is 68 a factor of 272?
True
Is 14139 a multiple of 30?
False
Is 3404 a multiple of 12?
False
Does 34 divide 2618?
True
Does 70 divide 6051?
False
Is 16 a factor of 96?
True
Is 22 a factor of 497?
False
Is 38346 a multiple of 231?
True
Is 25 a factor of 3213?
False
Is 4224 a multiple of 8?
True
Does 4 divide 894?
False
Is 55 a factor of 55?
True
Does 95 divide 6555?
True
Is 1056 even?
True
Is 17 a factor of 1377?
True
Is 137 a factor of 37127?
True
Is 280 a factor of 5123?
False
Does 35 divide 111860?
True
Is 14 a factor of 6050?
False
Is 20 a factor of 8720?
True
Is 13944 a multiple of 83?
True
Is 320 a multiple of 26?
False
Is 8749 a multiple of 13?
True
Is 5 a factor of 2141?
False
Is 101115 a multiple of 15?
True
Is 39 a factor of 106?
False
Is 82 a factor of 9864?
False
Does 68 divide 1779?
False
Does 48 divide 18336?
True
Does 2 divide 139?
False
Is 1068 a multiple of 3?
True
Is 15 a factor of 555?
True
Is 9512 a multiple of 82?
True
Is 51 a factor of 49878?
True
Is 90 a factor of 40214?
False
Is 9 a factor of 12767?
False
Does 24 divide 1437?
False
Does 11 divide 55?
True
Is 3272 a multiple of 55?
False
Does 6 divide 735?
False
Is 29 a multiple of 29?
True
Does 108 divide 47624?
False
Is 22160 a multiple of 20?
True
Does 26 divide 5486?
True
Is 6313 a multiple of 33?
False
Does 4 divide 962?
False
Is 364 a factor of 74256?
True
Does 21 divide 756?
True
Is 4185 a multiple of 135?
True
Is 125 a factor of 4000?
True
Is 447 a multiple of 24?
False
Is 2280 a multiple of 114?
True
Is 7030 a multiple of 37?
True
Does 13 divide 942?
False
Is 3 a factor of 510?
True
Does 47 divide 9118?
True
Is 2351 a multiple of 4?
False
Does 4 divide 24?
True
Is 5 a factor of 1120?
True
Does 35 divide 3500?
True
Does 4 divide 2717?
False
Does 19 divide 631?
False
Is 10 a factor of 35?
False
Does 9 divide 367?
False
Is 7 a factor of 1615?
False
Does 130 divide 24180?
True
Is 26244 a multiple of 68?
False
Does 85 divide 38420?
True
Does 41 divide 656?
True
Does 37 divide 416?
False
Does 26 divide 2156?
False
Does 11 divide 7901?
False
Is 43 a factor of 56662?
False
Is 134 a factor of 4406?
False
Does 12 divide 6843?
False
Is 3394 a multiple of 26?
False
Is 368 a multiple of 23?
True
Does 103 divide 1751?
True
Does 34 divide 166?
False
Is 3 a factor of 2563?
False
Does 93 divide 4550?
False
Does 25 divide 3858?
False
Is 14577 a multiple of 21?
False
Does 2 divide 179?
False
Does 23 divide 598?
True
Is 88 a multiple of 4?
True
Is 43404 a multiple of 220?
False
Is 62 a factor of 930?
True
Is 14 a factor of 49?
False
Is 8 a factor of 751?
False
Is 7 a factor of 618?
False
Does 43 divide 9804?
True
Is 104261 a multiple of 272?
False
Is 12 a factor of 204?
True
Is 680 a multiple of 95?
False
Is 9493 a multiple of 14?
False
Is 8 a factor of 8?
True
Does 11 divide 423?
False
Is 53 even?
False
Does 34 divide 7650?
True
Is 55084 a multiple of 99?
False
Is 6 a factor of 2970?
True
Does 18 divide 558?
True
Is 2 a factor of 108?
True
Is 253 a multiple of 11?
True
Does 36 divide 617?
False
Is 42 a factor of 18507?
False
Does 11 divide 1427?
False
Is 38 a multiple of 5?
False
Is 13 a multiple of 6?
False
Is 60 a multiple of 15?
True
Is 9792 a multiple of 72?
True
Is 15 a factor of 1545?
True
Is 170 a multiple of 17?
True
Does 42 divide 126?
True
Does 17 divide 9090?
False
Is 486 a multiple of 4?
False
Is 204 a multiple of 3?
True
Is 34 a factor of 42772?
True
Is 76 a factor of 13450?
False
Is 7233 a multiple of 24?
False
Is 18 a factor of 522?
True
Is 15 a factor of 900?
True
Does 16 divide 43312?
True
Is 59 a factor of 1770?
True
Is 324 a factor of 99468?
True
Is 3041 a multiple of 96?
False
Is 6235 a multiple of 29?
True
Is 21085 a multiple of 24?
False
Does 63 divide 945?
True
Does 10 divide 36887?
False
Does 140 divide 14420?
True
Does 48 divide 67344?
True
Does 4 divide 5172?
True
Is 28 a factor of 14588?
True
Does 5 divide 36?
False
Is 2675 even?
False
Does 87 divide 8606?
False
Is 8984 a multiple of 8?
True
Is 87 a factor of 1392?
True
Is 2007 a multiple of 28?
False
Is 4 a factor of 100?
True
Is 1261 a multiple of 11?
False
Does 19 divide 15058?
False
Is 31571 a multiple of 8?
False
Is 42947 a multiple of 67?
True
Is 61 a factor of 7797?
False
Is 20916 a multiple of 252?
True
Is 7440 a multiple of 124?
True
Is 39 a factor of 26626?
False
Is 2652 a multiple of 17?
True
Is 2106 a multiple of 54?
True
Is 10992 a multiple of 12?
True
Is 496 a multiple of 3?
False
Is 3024 a multiple of 28?
True
Is 11 a factor of 469?
False
Is 7400 a multiple of 148?
True
Does 27 divide 6129?
True
Is 34 a factor of 306?
True
Is 111813 a multiple of 39?
True
Is 25 a factor of 6278?
False
Is 7305 a multiple of 15?
True
Does 9 divide 986?
False
Is 74 a factor of 2368?
True
Does 20 divide 8830?
False
Is 53 a multiple of 3?
False
Does 3 divide 1179?
True
Is 7 a factor of 9576?
True
Is 10752 a multiple of 45?
False
Is 1145 a multiple of 52?
False
Does 2 divide 260?
True
Does 7 divide 1298?
False
Is 17 a factor of 69?
False
Is 38 a factor of 12070?
False
Is 13 a factor of 408?
False
Is 10220 a multiple of 18?
False
Is 10 a factor of 400?
True
Is 47 a factor of 2632?
True
Is 65 a factor of 96525?
True
Is 4 a factor of 106?
False
Does 46 divide 82570?
True
Is 8448 a multiple of 96?
True
Is 572 a multiple of 5?
False
Does 11 divide 970?
False
Is 19 a factor of 342?
True
Is 38 a factor of 36822?
True
Is 1146 a multiple of 38?
False
Does 40 divide 4106?
False
Is 1682 a multiple of 29?
True
Is 49 a factor of 428?
False
Does 22 divide 154?
True
Does 21 divide 4827?
False
Is 46680 a multiple of 24?
True
Is 23308 a multiple of 10?
False
Does 66 divide 3128?
False
Is 15 a factor of 237?
False
Does 13 divide 10894?
True
Is 14639 a multiple of 22?
False
Is 422 a factor of 83134?
True
Does 19 divide 10849?
True
Is 23 a factor of 1150?
True
Is 45711 a multiple of 45?
False
Does 4 divide 589?
False
Does 38 divide 6156?
True
Does 88 divide 2281?
False
Is 245 a multiple of 7?
True
Does 29 divide 812?
True
Does 20 divide 273?
False
Is 25 a factor of 2385?
False
Is 46 a factor of 8326?
True
Is 1518 a multiple of 74?
False
Is 18 a factor of 58297?
False
Is 1661 a